j + 1430. Let q(k) = -30*a(k) + 17*r(k). Suppose d - 19 = -c + 6*d, -5*c - 4*d + 66 = 0. What is q(c)?
-6
Let b(h) = h**3 + 11*h**2 + 18*h + 2. Let s be b(-9). Let k(j) = j**3 + 30 + j**2 - 27 + j - j**2 + 6*j**s. Let r(d) = -5*d**2 - d. Let z be r(1). What is k(z)?
-3
Let j(d) be the third derivative of d**4/4 - 23*d**3/6 + 2*d**2 - 177*d. Give j(4).
1
Let l = 401641/120 - 3347. Let y(x) be the third derivative of 18*x**2 + l*x**6 + 0*x + 0*x**3 + 1/24*x**4 + 1/60*x**5 + 0. What is y(0)?
0
Suppose 2*x - g = -0*x + 5, 2*x + g - 11 = 0. Suppose -22 + 94 = 4*k - x*z, -k = 4*z + 2. Let a be 24/(-14) + k/(-49). Let u(c) = -3*c**2 - 1. Determine u(a).
-13
Let s(w) be the first derivative of -w**3 + 3*w**2 + 15*w + 3516. Calculate s(-2).
-9
Let r be (155/620)/((-1)/(-20)). Let j(l) = 4*l - 1. Give j(r).
19
Let a(u) = -2*u**2 - 17*u + 26. Let x be (-4012)/413 - (-2)/(-7). Determine a(x).
-4
Let w = -6 - -15. Suppose -1 = 4*q - w. Suppose 4*v - 30 = -v - 3*f, -5*v + q*f + 5 = 0. Let d(u) = u**3 - 3*u**2 + u - 1. Give d(v).
2
Let t(s) be the second derivative of s**5/20 + 13*s**4/12 + 5*s**3/6 - 4*s**2 + 2159*s. Determine t(-13).
-73
Let p(m) = -m**2 - 72*m + 484. Let a be p(6). Let y(q) = q**2 - 14*q - 36. Determine y(a).
-4
Let r(n) = -2*n**3 - 2*n**2 + 2*n + 2. Suppose -x + 204 = 3*x. Let l = x - 42. Suppose 5 + 13 = -l*z. Determine r(z).
6
Let b = 2007 - 2000. Let o(k) = -k**3 + 10*k**2 - 15*k - 17. Determine o(b).
25
Let k = 370 + -535. Let l = k - -158. Let n(j) = -j**3 - 8*j**2 - 7*j - 4. Calculate n(l).
-4
Let d(v) = -v**3 + 4*v**2 + 7*v - 5. Let c be d(5). Suppose -7*x + 18*x - 13 - 31 = 0. Let g be x + 1 - (c - 1). Let b(a) = -3*a**2 - a. Give b(g).
-4
Let l(s) = 1 - 109*s + 2 + 68*s + 32*s. What is l(-3)?
30
Let q(v) be the third derivative of v**5/15 + 5*v**4/24 - v**3/3 + 14*v**2 + 4*v. Determine q(-2).
4
Let d(y) be the second derivative of -y**4/12 + 2*y**3/3 + y**2/2 - 289*y + 7. Suppose 0 = -4*b - b + 15. Give d(b).
4
Let m(o) = 20*o + 14. Let k(l) = -2. Let u(j) = 41*j + 20. Let x(d) = 5*k(d) - u(d). Let b(p) = 13*m(p) + 6*x(p). Determine b(2).
30
Let k(r) = -r**3 + 40*r**2 + 6*r - 19. Let t(q) = 6*q**2 + 3*q. Let w(n) = -k(n) + 5*t(n). Give w(9).
19
Let v(z) be the second derivative of 0*z**4 - 1/6*z**3 - 2*z - 18 + 1/4*z**5 + 0*z**2. What is v(-1)?
-4
Let g(m) = 9*m + 49. Let b(s) = s**3 + 50*s**2 + 227*s + 5. Let l be b(-5). Determine g(l).
4
Let n(j) = 14*j - 35. Let s(v) = 114*v - 279. Let f(y) = -33*n(y) + 4*s(y). Let r(k) = -2*k + 13. Let p(a) = -3*f(a) + 8*r(a). What is p(9)?
5
Suppose 3*h + 4*d + 8 = 8*h, 2*h - 2 = d. Suppose j + h*j = 59. Let n(s) = j*s - 1 - 21*s - 23*s. What is n(1)?
14
Let q(m) = 2*m + 39. Let t(r) = -8*r - 78. Suppose o - 2*w - 15 = 4*o, -5*w = -3*o - 36. Let j be t(o). Calculate q(j).
-5
Let b(x) = -59*x + 38. Let a(h) = -40*h + 27. Let s(l) = -10*a(l) + 7*b(l). Give s(-1).
9
Let l(n) be the first derivative of -1/2*n**2 + 3*n - 5/3*n**3 - 1/4*n**4 + 68. Give l(-3).
-12
Let i(d) = 3*d - 43. Let a be i(15). Let y(v) = 2*v + v + 24 + v - a*v. Determine y(-10).
4
Let t(k) = 42 + 0*k**2 + 6*k - 20 + k**2 - 17 + 0*k**2. Give t(-9).
32
Let x(v) = 4 + 11*v**2 + 0*v**2 + 93*v - 56*v - 11*v - 16*v. Give x(-3).
73
Let a(g) = 7*g**2 - 7*g - 67. Let c(v) = -4*v**2 + 4*v + 36. Let f(j) = -3*a(j) - 5*c(j). Give f(4).
9
Suppose 0*q + 8 = -2*q. Let b(g) = 8 - 35*g + 9*g + 11*g + 19*g. Calculate b(q).
-8
Let u(j) = -j**3 - 5*j**2 - 8*j - 10. Let g = 2413 + -2416. Give u(g).
-4
Let u(j) be the second derivative of 4*j**3/3 - j**2 - 185*j. Give u(-3).
-26
Let g(l) be the first derivative of -l**3/6 + 2*l**2 + 48*l - 62. Let y(s) be the first derivative of g(s). Give y(-6).
10
Let i(h) be the second derivative of 7*h**3/6 + 42*h**2 - 19*h - 22. Give i(-19).
-49
Let g(s) = -13*s**2 - 103*s + 4. Suppose -25*a + 5*t = -22*a + 24, -2*t = a + 8. What is g(a)?
-4
Let b(m) be the third derivative of m**6/60 + 19*m**5/20 - 31*m**4/24 - 67*m**3/6 + 9*m**2 + 199*m. What is b(-29)?
-9
Suppose 5*k - x = 15, -38 = -5*k + 4*x - 8. Suppose -4*y = 2 + k. Let v(c) = 186*c + 60 - 59 - 178*c. Give v(y).
-7
Let w(o) be the first derivative of -5*o**2/2 + 50*o + 5149. What is w(8)?
10
Let y(k) = 155*k - 13. Let j(p) = 19*p + 2. Let l(c) = -8*j(c) + y(c). What is l(-10)?
-59
Suppose 3*z - 3 = h + z, -3*h - 4*z - 9 = 0. Let w(q) be the second derivative of 13*q**3/6 - q**2/2 + 4*q + 2. What is w(h)?
-40
Let d(y) = 93*y + 33. Let l(x) = 21*x - 1. Let s(g) = -d(g) + 4*l(g). Calculate s(-5).
8
Let q(y) = 7*y**3 - 2*y + 2. Let i(z) = z**3 + z**2 - z. Let l(c) = 6*i(c) - q(c). Let p(t) = 5*t**2 - 737*t + 299. Let o be p(147). Give l(o).
3
Let z(t) be the second derivative of t**4/6 + 2*t**3/3 + t**2/2 + t. Suppose 56*r - 186*r = 390. Give z(r).
7
Let h(f) = 16*f**3 + 11*f**2 + 16*f + 17. Let o(c) = -13*c**3 - 12*c**2 - 16*c - 16. Let y(k) = -4*h(k) - 5*o(k). Calculate y(-15).
-3
Let b(m) = m**3 + 4*m**2 - 2*m - 2. Let x = 12774 + -12779. Determine b(x).
-17
Let w(u) = -u**2 - 3*u - 4. Let i be (-1)/(3/(-12) - 0). Suppose 2*s - 3*s = -i*k + 248, -5*s = 0. Let x = k + -65. Calculate w(x).
-4
Let t(a) = -55*a + 155*a + 7*a**2 + a**3 - 42*a - 36*a - 60 - 34*a. Determine t(-8).
-28
Let v(h) = -h + 34 - 35 + 25*h**2 - 27*h + 9*h. What is v(1)?
5
Let r(f) be the first derivative of 4*f + 1/2*f**2 - 1/4*f**4 - 8 + f**3. Determine r(3).
7
Let i(g) = -3*g + 15. Suppose 446 = 33*c + 116. Calculate i(c).
-15
Suppose -4*n - 15 = d, 2*n = -3*n + 3*d - 40. Let r(y) = 4 - 9718*y**2 + 19091*y**2 - 9372*y**2 + 10*y. Calculate r(n).
-21
Let q = -351 + 353. Let p(k) = -11 + k**q - 4*k - 5*k + 0*k - 9*k + 9*k. What is p(10)?
-1
Suppose 6*l - 38*l = -64. Let c(f) = 23*f**3 - 41 - 22*f**3 + 41 - f - 5*f**l. Determine c(4).
-20
Let b(g) be the third derivative of g**4/24 - 7*g**3/6 + 18*g**2. Let t = -4187 - -4192. Give b(t).
-2
Let y(d) = 7*d**3 + d**2 - d + 1. Let h(i) = -6*i**3 - 2*i**2 + i. Let k(s) = -6*h(s) - 5*y(s). Suppose 5*z - 4*l = -26, -2*z + 15*l = 19*l + 16. Give k(z).
37
Let v = -4 + 12. Let k(b) = -5*b + 9*b**2 - 253143 + 253144 - b - b**3. Determine k(v).
17
Let o(v) be the third derivative of 0 + 0*v - 1/24*v**4 + 17/6*v**3 - 74*v**2. Determine o(12).
5
Let x be (-2)/(-10 + 558/54). Let k(a) = 3*a**3 - 12*a**2 + 9*a + 25. Let f(w) = 2*w**3 - 6*w**2 + 5*w + 13. Let o(v) = -5*f(v) + 3*k(v). What is o(x)?
-2
Let o(d) = d + 4. Let l(j) = 5*j - 12. Suppose -9*a - a = -50. Let y be l(a). Suppose 15 = k + 4*x, 25 = y*x - 8*x. What is o(k)?
-1
Let l be 1923/27 - (16/36)/2. Let r = 61 - l. Let j be r/(-45) + (-210)/(-27). Let g(y) = y - 11. Determine g(j).
-3
Let x(r) be the third derivative of r**5/60 - r**4/4 + 49*r**2. Let p = 141 + -138. Give x(p).
-9
Let d(h) = h**3 - h - 11. Let g be d(0). Let o(q) = -q**2 - 7*q + 39. Let z be o(g). Let t(j) = j**2 + 7*j + 3. What is t(z)?
-7
Let n(h) = h - 15. Let d = 3011 - 3030. Calculate n(d).
-34
Suppose 6*s = 20 - 2. Let z(v) = -1. Let p(w) be the third derivative of -w**5/60 + w**4/4 - w**3/6 + 5*w**2. Let g(r) = -p(r) - 3*z(r). Determine g(s).
-5
Let l(n) = -7 - 9*n + 16*n + 8*n - 1 + 5. Let p(s) be the first derivative of 7*s**2 - 3*s + 1. Let i(t) = -6*l(t) + 7*p(t). Give i(3).
21
Suppose -23*r = -108*r + 510. Let n(y) = 81*y - 483. What is n(r)?
3
Let y(x) = x**3 - 8*x**2 + 6*x + 5. Suppose -44*k + 20*k + 720 = 0. Let m be (-6)/(3/((-18)/k))*5. Determine y(m).
-31
Let b = 51 + -75. Let g = -22 - b. Let j(q) = -63*q**g + 29*q**2 + 26*q**2. Determine j(-1).
-8
Let z(v) = -17*v + 18. Let p(b) = -31*b + 36. Let k(f) = 6*p(f) - 11*z(f). Let w be k(-24). Let c(r) = r + 3. Give c(w).
-3
Let i(z) = 11*z - 24. Let d(r) = 4*r - 3. Let m(y) = -3*d(y) + i(y). Let k = 13 - 13. Determine m(k).
-15
Let g(t) be the first derivative of -2*t**3/3 - t**2/2 + 123*t + 1799. Calculate g(-8).
3
Let r(g) be the first derivative of g**3/3 + 4*g**2 - 11*g + 7661. Determine r(-17).
142
Let p(d) = -2*d + 4. Let m(h) = -4*h + 9. Let s(z) = -3*m(z) + 5*p(z). Let j be (1 + 1)*(378/(-12))/(-9). Determine s(j).
7
Let n(w) be the first derivative of w**2 + 4*w - 320. Let u be 3 - -12*3/(-6). Calculate n(u).
-2
Let l(c) be the second derivative of c**5/60 - c**4/24 + 13*c**3/6 - c**2/2 - c. Let w(s) be the first derivative of l(s). Let i be 9*1